der when r is divided by 7.
6
Let v be ((-2)/(-5))/(2/10). Let t be ((-4)/(-2) - v)/(-2). What is the remainder when 59 is divided by t + 3 + (17 - 0)?
19
Let t(h) = -h**2 + 5*h - 2. What is the remainder when t(2) is divided by 3?
1
Let z(l) = l - 6. Let v be z(4). Let d = 0 + v. Let w = d + 7. What is the remainder when w is divided by 3?
2
Suppose g = -2*g - 4*f + 102, -88 = -2*g + 4*f. Let i = 135 - 82. Suppose -i - 27 = -4*r. What is the remainder when g is divided by r?
18
Let c(y) = -y + 18. Let n be 2/9*-3*-6. Let k be (-5)/20 + 1/n. Calculate the remainder when c(k) is divided by 10.
8
Suppose -2*h - h + 5*i = 27, h + 16 = 4*i. Calculate the remainder when (7 + 127)/(h/(-2)) is divided by 35.
32
Let r(p) = 3*p. Let y be r(2). Let t = 9 - y. Suppose l - t*f - 35 = -l, 56 = 3*l - f. What is the remainder when l is divided by 10?
9
Suppose 0 = -m - 4*x + 10, 2*m - x = 3*x + 20. What is the remainder when 34 is divided by m?
4
Suppose 0 = 5*o - 5*f - 25, -5*f = 2*o - o + 13. Let c be 2/o*(0 + 8). Suppose 0 = -c*v + 3*v + 175. What is the remainder when v is divided by 12?
11
What is the remainder when 99 is divided by ((-75)/(-3))/(3/3)?
24
Let i = -36 + 49. Calculate the remainder when 114 is divided by i.
10
Suppose 0 = 3*t - 15 + 3. Calculate the remainder when 4 is divided by t.
0
What is the remainder when 38 is divided by ((-4)/(-2))/((-4)/(-26))?
12
Let z(d) = d**2 - 14*d + 15. What is the remainder when 44 is divided by z(14)?
14
Suppose 0 = -3*r + 109 + 158. Suppose 6*x = 3*x + m + r, -108 = -4*x - 4*m. Suppose -57 = -3*b - 12. What is the remainder when x is divided by b?
14
Let t(u) = -11*u + 7. Let r be t(-8). Suppose 5*v - r = -0*v + 2*h, -4*v + 76 = -3*h. Calculate the remainder when v is divided by 7.
5
Suppose -3*r + 15 - 9 = 0. Calculate the remainder when 5 is divided by r.
1
Suppose -4*z = 6*m - m - 9, -5*z + 3 = -2*m. Suppose l + 6 = 2. What is the remainder when (z/2)/(l/(-16)) is divided by 1?
0
Suppose -3*x - 2*x + 10 = 0, -4*d + 40 = 2*x. Suppose -4*b - 2*g + 104 = 0, 4*b - 36 = 3*b - 3*g. Calculate the remainder when b is divided by d.
6
Suppose -5*d + 0*d = -a, a = d. Suppose a = -0*h + 2*h - 34. Suppose -5*q + 175 = -3*j, -2*j + 5*j - 17 = -q. What is the remainder when q is divided by h?
15
Suppose -3*v + 7*v = j - 41, 0 = 3*v + 12. Let t = -21 + 35. What is the remainder when j is divided by t?
11
Let g be (24/(-9))/2*-12. Suppose -k + g = -3*s, -k - 8 = 6*s - s. Suppose 0*x - 4*t = 5*x - 45, -10 = 2*t. What is the remainder when x is divided by k?
6
Let g = -314 + 482. What is the remainder when g is divided by 43?
39
Let z = -1 + 1. Suppose -y = -q - 10, -y = -4*q - 10 - 15. Suppose -y*f + 34 + 16 = z. What is the remainder when 18 is divided by f?
8
Let d(p) = -p**3 - 11*p**2 - 10*p. Let a be d(-10). Let z = a + 3. Suppose -2*t + 18 = -l, t + 0*l = -l + 6. Calculate the remainder when t is divided by z.
2
Let p = 164 - 122. Calculate the remainder when p is divided by 11.
9
Suppose 4*q + 144 = 5*g, -4*g + 66 + 82 = 5*q. Calculate the remainder when g is divided by 17.
15
Let p = 30 - 7. Calculate the remainder when p is divided by 6.
5
Let a(j) = j**3 + 3*j**2 - 6*j + 2. Let b be a(-5). Let o be 4/b - 2350/(-45). Suppose 0 = -3*w - w + o. What is the remainder when 37 is divided by w?
11
Suppose 2*q = l - 3, 0*l + 8 = -3*q - 2*l. Calculate the remainder when 114/4 + (-1)/q is divided by 8.
5
What is the remainder when 215 is divided by 2/11 - (3152/44)/(-2)?
35
Suppose 5*t + 10 = 0, 3*m - 6*t = -3*t + 18. Let a(z) = 13*z**3 + 2*z**2 - 1. Calculate the remainder when a(1) is divided by m.
2
Let k be 3 + (-5 - -2) + -1. Let u = 16 - k. What is the remainder when 48 is divided by u?
14
Let z(h) = h**2 - h + 4. Let u be z(4). Suppose 0 = -2*t + t + u. Suppose 0 = 4*w - 88 - 100. Calculate the remainder when w is divided by t.
15
Let v(x) = -x - 6. Let k be v(-7). What is the remainder when 2/1 - (k + 0) is divided by 4/(-16)*(-5 + 1)?
0
Suppose -5*z = -8 - 2. Let x = 0 - 0. Calculate the remainder when (x - z)*(-22 - 0) is divided by 23.
21
Let i = 14 - 12. Suppose 3*y - 7 = i*u, 0*y + 31 = 4*u + 3*y. Calculate the remainder when 10 is divided by u.
2
Let k = -58 + 106. Let j(s) = s**3 + 7*s**2 + 2*s - 7. Suppose 22 = -3*b - 4*x, 7*b - 4*b + 2*x + 20 = 0. Calculate the remainder when k is divided by j(b).
14
Let v be (68/(-8))/(1/(-2)). Let n = v + -4. Calculate the remainder when n is divided by 5.
3
Let w = -21 - -30. Calculate the remainder when w is divided by 1.
0
Let k be (-12)/(-2)*2/6. Suppose k*l - 84 = -0*l. Calculate the remainder when l is divided by 11.
9
What is the remainder when 60/16*20/(-6)*-2 is divided by 15?
10
Let l = 26 - 5. Suppose 4*o - 4*w = -0*w + 316, 0 = -o - 5*w + 91. What is the remainder when o is divided by l?
18
Let c = -8 - -12. What is the remainder when 14 is divided by c?
2
Let q = -11 - -33. Let d = -5 + q. Suppose 3*p + 33 = 5*s, 4*p + 20 = s + 3*s. Calculate the remainder when d is divided by s.
8
Suppose 0 = 3*w - 2*f - 17, -4*f - 6 = -w + 3. Suppose 4*j = -r + 43, -w*j - 5*r + 51 = -r. What is the remainder when 43 is divided by j?
10
Let x(z) = -z**2 + 5*z + 1. Let d be x(5). What is the remainder when d*4*(-1 - -17) is divided by 22?
20
Let z be ((-40)/(-6))/((-3)/9). Let s = z - -9. Let o = s - -18. What is the remainder when 12 is divided by o?
5
Let m = 135 + -71. Calculate the remainder when m is divided by 22.
20
Let x = 20 - 9. What is the remainder when 18 is divided by x?
7
Let d = 22 - 31. Let t = d + 19. Let o(l) = -l**2 - 16*l + 21. Calculate the remainder when t is divided by o(-17).
2
What is the remainder when 53 is divided by (-2)/((-4)/42) + -18 + 15?
17
Let z(i) = i - 12. Let o(q) = 6*q - 60. Let x(g) = 2*o(g) - 11*z(g). What is the remainder when 6 is divided by x(-9)?
0
Suppose -1 - 15 = -2*u. Suppose 0*v + 9 = 2*v + p, -v = 3*p - 12. Suppose g + 2*d = -g + 52, 5*g - 90 = v*d. Calculate the remainder when g is divided by u.
5
Let c = 1 - 0. Suppose -2*g + 2*t = -16, -t - 3 = 1. Calculate the remainder when 11/(-3)*(-3)/c is divided by g.
3
Suppose 0 = -2*u + 102 - 6. Calculate the remainder when u is divided by 26.
22
Let n(q) = 21*q - 14. Let p(l) = 3*l**2 - 2*l. Calculate the remainder when n(2) is divided by p(-2).
12
Let v(x) = -x**3 + 2*x**2 + 3. Let r = 7 - 3. Let m be v(r). Let t = m - -59. Calculate the remainder when t is divided by 11.
8
Suppose 0 = -3*a + 7*a - 104. Let x(r) = -r**3 + 16*r**2 - 12*r - 36. Calculate the remainder when a is divided by x(15).
8
Let a(l) = 9*l - 14. Let q = 9 + 1. Calculate the remainder when q is divided by a(2).
2
Suppose 7*h + 35 = 12*h. What is the remainder when 19 is divided by h?
5
Suppose 3*a - 4 = -16. Calculate the remainder when 9 is divided by (-1)/(-2)*a + 8.
3
Let p = -19 - -28. Let d(k) = -3*k - 3. Let g be d(-2). Suppose -g*u - 80 = -8*u. What is the remainder when u is divided by p?
7
Calculate the remainder when ((-36)/21)/((-4)/308) is divided by 27.
24
Let f(r) = -r**2 - 9*r - 4. Calculate the remainder when 8 is divided by f(-8).
0
Suppose -3*k + 6 + 24 = 0. Suppose 2*z + 2*z = 16. Calculate the remainder when k is divided by z.
2
Let i be 1/(2 - 1) + 19. Suppose 2*u + 4*h - i = 5*h, h - 40 = -4*u. Suppose -v + 24 = 5*c, -c + u + 2 = 2*v. Calculate the remainder when 11 is divided by v.
3
Let j = -8 - -13. Suppose -2*t + 2 = -t. Suppose -11 = -r + t. Calculate the remainder when r is divided by j.
3
Let z = -9 + 3. Let p(i) = -i**3 + 6*i**2 + 3*i - 1. What is the remainder when ((-15)/z + -2)*130 is divided by p(6)?
14
Let n = -3 + 6. Suppose -t + n*x + 43 = -x, 2*x = 0. What is the remainder when t is divided by 15?
13
Suppose 4*t - 7 = -q, 0 = -4*q - 0*q - t + 13. Calculate the remainder when 4 is divided by q.
1
Let t(g) = -6*g - 9. Let r(j) = 3*j - 4. Calculate the remainder when t(-6) is divided by r(6).
13
Let p = -1 - -2. Suppose -n + 7*f - p = 2*f, -5*n + 3*f + 61 = 0. Suppose 0 = 88*k - 87*k - 39. What is the remainder when k is divided by n?
11
What is the remainder when (18/(-12))/((-6)/88) is divided by 12?
10
Suppose 6*w = 2*w - 12. Calculate the remainder when 35 is divided by 1/(w*3/(-81)).
8
Let s(c) = c + 14. Let y be s(0). Let u = y - 10. Calculate the remainder wh